 factors of p.
29
Suppose 13 + 7 = 4*b. Suppose 3*i = 5*h - 0*h - 365, b*h - 400 = -4*i. Suppose h = 3*x + x. List the prime factors of x.
19
Let w = 279 - 126. Suppose -2*x + w = x. What are the prime factors of x?
3, 17
Let o = -426 - -638. Let i = o + -100. What are the prime factors of i?
2, 7
Suppose l = -552 + 792. List the prime factors of l.
2, 3, 5
Suppose 540 = 3*y - 1518. Suppose 8*j + 6*j - y = 0. What are the prime factors of j?
7
Suppose 12568 = 4*v - 4*i, -4*i = -3*v + 5757 + 3668. List the prime factors of v.
7, 449
Suppose -f - t - 3*t - 20 = 0, -5*t - 25 = -f. Suppose f = -3*r + 3*j + 216, -60 = -r - 4*j + j. List the prime factors of r.
3, 23
Let o = 103 - -1925. What are the prime factors of o?
2, 3, 13
Let b = -20 - -23. Suppose -b*d + 59 = -p, 0 = -3*d - 5*p + 31 + 16. What are the prime factors of d?
19
Let h = -42 - -63. Suppose 3*i = -4*q + 4, -4*i + q - 6*q = -5. Suppose i*m + m = h. List the prime factors of m.
3, 7
Let t be -1 - (5 - -2) - 0. Let a be 3/(-3)*(t + -1). Suppose 21 - a = 4*u. What are the prime factors of u?
3
Suppose 3*l + 6*n - 2*n - 3915 = 0, 2*l + 5*n - 2610 = 0. What are the prime factors of l?
3, 5, 29
Suppose -3*p + k + 884 = 0, 2*p - 3*p + 298 = -k. Suppose 5*a - p = -58. What are the prime factors of a?
47
Let h = -2507 + 4831. Suppose 6*s = -s + h. List the prime factors of s.
2, 83
Let z(w) = -w**3 + 5*w**2 - 5*w + 4. Let a be z(4). Suppose -3*f + 284 + 64 = a. What are the prime factors of f?
2, 29
Let w be 1/(-3) + 1752/(-9). Let i = w + 335. List the prime factors of i.
2, 5, 7
Suppose -38180 = -30*b + 30220. List the prime factors of b.
2, 3, 5, 19
Let s(t) = t**3 - 24*t**2 + 8*t. What are the prime factors of s(24)?
2, 3
Let u(f) = -2*f**2 - 3*f. Let a be u(-2). Let d(m) be the first derivative of -2*m**2 + 3*m - 18. List the prime factors of d(a).
11
What are the prime factors of 6*(5 + 525/9) + 0?
2, 5, 19
Suppose -11*c = -2*x - 14*c + 2319, 3501 = 3*x - 3*c. List the prime factors of x.
2, 3, 97
Let j = 108 - -593. List the prime factors of j.
701
Let x(g) = -12*g - 17. Let j be x(-6). Let m = j - 13. What are the prime factors of m?
2, 3, 7
Suppose 2*k = -4*p + 196, -306 - 202 = -5*k - 4*p. Suppose -3*r + k = -49. What are the prime factors of r?
3, 17
Let l(z) = z**3 + 5*z**2 + 5*z + 6. Let h be l(-4). Let p(s) = -h + 3 + 0 + 3*s + 6. What are the prime factors of p(8)?
31
Let t be ((-8)/10)/(12/60). Let q = t + 10. List the prime factors of (-140)/(-6) - (-4)/q.
2, 3
Let g(h) = 2*h**2 - 53*h + 32. Let n be g(26). Suppose -n*y = -239 + 59. List the prime factors of y.
2, 3, 5
Suppose -24*q + 26915 = -79285. Suppose -600 + q = 17*m. List the prime factors of m.
3, 5
Let p = 31 + -29. Suppose 5*o + 190 = 2*o + 5*u, -5*o - 285 = -p*u. Let r = o - -80. List the prime factors of r.
5
Suppose -4*d + 920 = -14*d. What are the prime factors of (d/(-2))/(21 - 19)?
23
List the prime factors of 7/3*4/((-16)/(-468)).
3, 7, 13
Let o(x) = -x**3 + 30*x**2 + 35*x - 124. Let n be o(31). Suppose 5*c + 5 = 0, 4*f + c + 10 = -c. What are the prime factors of (1 + f)*(-16 + n)?
2
Suppose -f = 2*d + 4, 0*f - 56 = 3*f - 5*d. Suppose 0 = 4*a - 2*a + 66. Let z = f - a. List the prime factors of z.
3, 7
Let y = 1363 - 927. Suppose f = 3*t + 91, 5*f + 3*t - y = -t. List the prime factors of f.
2, 11
Let k(r) = 3*r**3 - 5*r**2 + 9*r - 40. List the prime factors of k(7).
3, 269
Let x(l) = -5*l - 10. Let g be x(-3). Suppose -g*s = 1 - 11. Suppose 3*k + 26 = 5*u - 4*u, 5*u = -s*k + 96. List the prime factors of u.
2, 5
Let t(c) = -c**3 - 6*c**2 - 7*c + 8. Let j be t(-4). Suppose -17 - 551 = -j*v. List the prime factors of v.
2, 71
Suppose -2*f + 2 = 0, -6*a + 8*a - 409 = -f. What are the prime factors of a?
2, 3, 17
Let i(c) = -c**3 + 12*c**2 - 2*c + 19. Let n = -35 - -46. What are the prime factors of i(n)?
2, 59
Let m(y) = y**3 - y**2 - 1. Let h(a) = -3*a**3 + 8*a**2 + a + 2. Let j(r) = h(r) + 2*m(r). Let k be (-2 + (-5)/(-4))*-8. List the prime factors of j(k).
2, 3
What are the prime factors of (6 - -136)/((-5)/(-30)*1)?
2, 3, 71
Let v(t) = 2*t - 20. Let p be v(9). What are the prime factors of p/9 + (-893)/(-9)?
3, 11
Suppose m - 4*q - 18 = 0, -5*m - 4*q + 39 = -27. Let v be 1 + 7/(m/8). Suppose v*r = 98 + 87. What are the prime factors of r?
37
Suppose 15*f + 3136 = 14431. List the prime factors of f.
3, 251
Let a(s) = -s**3 - s**2 + 9*s - 34. What are the prime factors of a(-7)?
197
Let k be (-1)/(-3*(-4)/(-36)). Suppose 4*i + k*x + 63 = 5*i, i = -x + 83. List the prime factors of i.
2, 3, 13
Let x(w) = -3*w**2 - w + 1. Let o be x(-2). Let q(u) = 3*u**2 - 2*u - 2. Let d be q(-2). Let v = o + d. What are the prime factors of v?
5
Let p be ((-48)/(-56))/((-2)/56). What are the prime factors of 3765/40 + 51/p + 2?
2, 47
Let n(t) = 56*t**2 + 10*t + 13. What are the prime factors of n(7)?
11, 257
Let b(c) be the first derivative of c**3 + 3*c**2 + 7*c + 7. List the prime factors of b(-6).
79
Suppose 3*g + 12 = 0, -2*w - 3*g - 2 = -30. Let q = w + -16. Suppose 3*l - 104 = q*a - 40, 0 = -4*a - 4. What are the prime factors of l?
2, 5
Suppose -4*x - 943 = -3311. What are the prime factors of 21*(x/(-6))/(-8)?
7, 37
Suppose 0 = -4*o - 6*x + 2*x - 24, 0 = x + 5. List the prime factors of -118*o*1/2.
59
Suppose 5*w + 5*u = 13325, -21*u = 5*w - 22*u - 13295. What are the prime factors of w?
2, 5, 7, 19
Suppose -2*g = -4*k + g - 12, 2*k = -3*g + 12. Suppose i = -k*i + 12. Suppose 5*n = n + i. List the prime factors of n.
3
Suppose -3668 = -13*q + 12*q - t, -5*t + 7321 = 2*q. List the prime factors of q.
3673
Let v(s) = -s**3 + 39*s**2 + 86*s - 70. List the prime factors of v(41).
2, 47
Let g = -43 + 16. Let a be (18/g)/(4/(-18)). Suppose 39 = q - h, a*h = -0*h + 3. What are the prime factors of q?
2, 5
Let o be -3 - (-3 + (-3 - 1)). Suppose -4*v - 2*f - 16 = 0, 3*v + o*f + 6 + 11 = 0. List the prime factors of (-38)/((-1)/(v/(-6))).
19
Suppose 58*k + 10542 = 65*k. What are the prime factors of k?
2, 3, 251
Suppose -5*s + 3*q = -0*q + 78, -s + 5*q = 20. Let i = 48 + s. What are the prime factors of i?
3, 11
Let a be (-26)/(-2) + 0 + -1. Suppose -5*z + 5*v + 8 = -a, -3*z - 4*v + 47 = 0. List the prime factors of (-4)/((6/z)/(-1)).
2, 3
Let c(m) = 6*m**3 - 2*m**2 - 2*m - 1. Let p be c(-1). Let s(w) = w**3 + 7*w**2 - 2*w - 8. Let g be s(p). List the prime factors of (20/6)/(g/9).
5
Suppose -4*u = -2*d - 5618, -4*u - 2551 = 5*d - 8134. List the prime factors of u.
2, 701
Let x(s) = 85*s**3 + 11*s**2 - 28*s + 75. What are the prime factors of x(4)?
7, 797
Suppose -3*c + 198 = 3*w, -2*w - 2*c = -w - 68. Let q = 191 - w. List the prime factors of q.
127
Suppose w + 5*l = 39, l + 1 = -2. Let n = 29 + w. What are the prime factors of n?
83
Suppose -5*y + 47 = 8*l - 4*l, -l + 5*y = 7. Suppose -b + p = -4 - 5, 0 = 4*p - l. Suppose -3*j + 19 + b = 0. List the prime factors of j.
2, 5
Let b be (-4)/(0 + -8)*88. Let w = b + 5. What are the prime factors of w?
7
Suppose -2*k + 5 = -3, -k = r - 4168. List the prime factors of r.
2, 3, 347
Let u be 10/(-75) + (-94)/(-30). Suppose u*m - 17 = -5. List the prime factors of 33/m + 6/8.
3
Let d(m) be the third derivative of m**6/360 - m**5/24 - m**4/12 - m**3/3 + 3*m**2. Let h(x) be the first derivative of d(x). List the prime factors of h(7).
2, 3
Let s = 5 - 9. Let u be s*(-18)/(-16)*2. What are the prime factors of 2/u - 1160/(-36)?
2
Suppose s + 1 = -2*n, 0 = 4*s + 2*n - 14 + 6. Suppose p = -4*w + 145, -2*p - s*p = -2*w + 45. List the prime factors of w.
5, 7
Let i be -4 - -3 - 0 - -37. Let g = 43 - i. List the prime factors of g.
7
Suppose 0 = 6*u - 0*u + 336. List the prime factors of (-6)/16 + (-7805)/u.
139
Suppose -7*f + 315 = -4921. List the prime factors of f.
2, 11, 17
Let t = -60 - -862. List the prime factors of t.
2, 401
Suppose 2*c + 95 = -5*o, -o - 85 = 3*c - 5*o. Let n = c - -191. List the prime factors of n.
2, 3, 13
Suppose -5 = -4*i - 3*a - 0, -5*i + 3*a + 13 = 0. Let l(p) = -p**2 - 5*p. Let r be l(-4). Suppose -12 = -r*d, -i*m - d = m - 144. List the prime factors of m.
47
Let j(d) = 4*d**3 - 7*d - 4. Let v be j(-3). List the prime factors of -91*1*78/v.
2, 3, 13
Suppose 0 = -5*l + 2*l. Suppose 6*p = -2*j + 7*p + 47, -3*j - 3*p = -84. Suppose l = -4*d - j + 153. W